{"id":3171,"date":"2024-04-21T20:03:08","date_gmt":"2024-04-21T19:03:08","guid":{"rendered":"https:\/\/galen-brotherton.be\/projets\/tfe\/?page_id=3171"},"modified":"2024-05-31T17:12:49","modified_gmt":"2024-05-31T16:12:49","slug":"credits","status":"publish","type":"page","link":"https:\/\/galen-brotherton.be\/projets\/tfe\/credits\/","title":{"rendered":"Credtis"},"content":{"rendered":"\t\t<div data-elementor-type=\"wp-page\" data-elementor-id=\"3171\" class=\"elementor elementor-3171\" data-elementor-post-type=\"page\">\n\t\t\t\t\t\t<section class=\"elementor-section elementor-top-section elementor-element elementor-element-11b0fdf elementor-section-boxed elementor-section-height-default elementor-section-height-default\" data-id=\"11b0fdf\" data-element_type=\"section\">\n\t\t\t\t\t\t<div class=\"elementor-container elementor-column-gap-default\">\n\t\t\t\t\t<div class=\"elementor-column elementor-col-100 elementor-top-column elementor-element elementor-element-c7b6d69\" data-id=\"c7b6d69\" data-element_type=\"column\">\n\t\t\t<div class=\"elementor-widget-wrap elementor-element-populated\">\n\t\t\t\t\t\t<div class=\"elementor-element elementor-element-6cee83a elementor-widget elementor-widget-heading\" data-id=\"6cee83a\" data-element_type=\"widget\" data-widget_type=\"heading.default\">\n\t\t\t\t<div class=\"elementor-widget-container\">\n\t\t\t<style>\/*! elementor - v3.21.0 - 26-05-2024 *\/\n.elementor-heading-title{padding:0;margin:0;line-height:1}.elementor-widget-heading .elementor-heading-title[class*=elementor-size-]>a{color:inherit;font-size:inherit;line-height:inherit}.elementor-widget-heading .elementor-heading-title.elementor-size-small{font-size:15px}.elementor-widget-heading .elementor-heading-title.elementor-size-medium{font-size:19px}.elementor-widget-heading .elementor-heading-title.elementor-size-large{font-size:29px}.elementor-widget-heading .elementor-heading-title.elementor-size-xl{font-size:39px}.elementor-widget-heading .elementor-heading-title.elementor-size-xxl{font-size:59px}<\/style><h1 class=\"elementor-heading-title elementor-size-default\">Cr\u00e9dits<\/h1>\t\t<\/div>\n\t\t\t\t<\/div>\n\t\t\t\t\t<\/div>\n\t\t<\/div>\n\t\t\t\t\t<\/div>\n\t\t<\/section>\n\t\t\t\t<section class=\"elementor-section elementor-top-section elementor-element elementor-element-8ac152a elementor-section-boxed elementor-section-height-default elementor-section-height-default\" data-id=\"8ac152a\" data-element_type=\"section\">\n\t\t\t\t\t\t<div class=\"elementor-container elementor-column-gap-default\">\n\t\t\t\t\t<div class=\"elementor-column elementor-col-100 elementor-top-column elementor-element elementor-element-e0dcb00\" data-id=\"e0dcb00\" data-element_type=\"column\">\n\t\t\t<div class=\"elementor-widget-wrap elementor-element-populated\">\n\t\t\t\t\t\t<div class=\"elementor-element elementor-element-9493866 elementor-widget elementor-widget-heading\" data-id=\"9493866\" data-element_type=\"widget\" data-widget_type=\"heading.default\">\n\t\t\t\t<div class=\"elementor-widget-container\">\n\t\t\t<h2 class=\"elementor-heading-title elementor-size-default\">Droits d'auteur<\/h2>\t\t<\/div>\n\t\t\t\t<\/div>\n\t\t\t\t<div class=\"elementor-element elementor-element-eafce3b elementor-widget elementor-widget-heading\" data-id=\"eafce3b\" data-element_type=\"widget\" data-widget_type=\"heading.default\">\n\t\t\t\t<div class=\"elementor-widget-container\">\n\t\t\t<h2 class=\"elementor-heading-title elementor-size-default\">Power Rangers<\/h2>\t\t<\/div>\n\t\t\t\t<\/div>\n\t\t\t\t<div class=\"elementor-element elementor-element-d1b054f elementor-widget__width-initial elementor-widget elementor-widget-text-editor\" data-id=\"d1b054f\" data-element_type=\"widget\" data-widget_type=\"text-editor.default\">\n\t\t\t\t<div class=\"elementor-widget-container\">\n\t\t\t<style>\/*! elementor - v3.21.0 - 26-05-2024 *\/\n.elementor-widget-text-editor.elementor-drop-cap-view-stacked .elementor-drop-cap{background-color:#69727d;color:#fff}.elementor-widget-text-editor.elementor-drop-cap-view-framed .elementor-drop-cap{color:#69727d;border:3px solid;background-color:transparent}.elementor-widget-text-editor:not(.elementor-drop-cap-view-default) .elementor-drop-cap{margin-top:8px}.elementor-widget-text-editor:not(.elementor-drop-cap-view-default) .elementor-drop-cap-letter{width:1em;height:1em}.elementor-widget-text-editor .elementor-drop-cap{float:left;text-align:center;line-height:1;font-size:50px}.elementor-widget-text-editor .elementor-drop-cap-letter{display:inline-block}<\/style>\t\t\t\t<p>Les Power Rangers et tous les \u00e9l\u00e9ments associ\u00e9s sont des marques d\u00e9pos\u00e9es de Hasbro, Inc. Tous droits r\u00e9serv\u00e9s. Ce site\/webpage n&#8217;est ni parrain\u00e9 ni approuv\u00e9 par Hasbro, Inc., mais est plut\u00f4t cr\u00e9\u00e9 par un fan dans le but de c\u00e9l\u00e9brer et de promouvoir l&#8217;univers des Power Rangers. Les images, les logos et les contenus multim\u00e9dias utilis\u00e9s sur ce site\/webpage sont la propri\u00e9t\u00e9 de Hasbro, Inc. et sont utilis\u00e9s ici \u00e0 des fins \u00e9ducatives, de divertissement, et dans le cadre d&#8217;un travail scolaire pour un travail de fin d&#8217;\u00e9tude seulement. Aucune violation de droits d&#8217;auteur n&#8217;est intentionnelle.<\/p>\t\t\t\t\t\t<\/div>\n\t\t\t\t<\/div>\n\t\t\t\t<div class=\"elementor-element elementor-element-30acd01 elementor-widget elementor-widget-heading\" data-id=\"30acd01\" data-element_type=\"widget\" data-widget_type=\"heading.default\">\n\t\t\t\t<div class=\"elementor-widget-container\">\n\t\t\t<h2 class=\"elementor-heading-title elementor-size-default\">Super Sentai<\/h2>\t\t<\/div>\n\t\t\t\t<\/div>\n\t\t\t\t<div class=\"elementor-element elementor-element-30e88f4 elementor-widget__width-initial elementor-widget elementor-widget-text-editor\" data-id=\"30e88f4\" data-element_type=\"widget\" data-widget_type=\"text-editor.default\">\n\t\t\t\t<div class=\"elementor-widget-container\">\n\t\t\t\t\t\t\t<p>Les Super Sentai et tous les \u00e9l\u00e9ments associ\u00e9s sont des marques d\u00e9pos\u00e9es de la Toei Company et Bandai. Tous droits r\u00e9serv\u00e9s. Ce site\/webpage n&#8217;est ni parrain\u00e9 ni approuv\u00e9 par la Toei Company ou Bandai, mais est plut\u00f4t cr\u00e9\u00e9 par un fan dans le but de c\u00e9l\u00e9brer et de promouvoir l&#8217;univers des Super Sentai. Les images, les logos et les contenus multim\u00e9dias utilis\u00e9s sur ce site\/webpage sont la propri\u00e9t\u00e9 de la Toei Company et Bandai, et sont utilis\u00e9s ici \u00e0 des fins \u00e9ducatives, de divertissement, et dans le cadre d&#8217;un travail scolaire pour un travail de fin d&#8217;\u00e9tude seulement. Aucune violation de droits d&#8217;auteur n&#8217;est intentionnelle.<\/p>\t\t\t\t\t\t<\/div>\n\t\t\t\t<\/div>\n\t\t\t\t<div class=\"elementor-element elementor-element-aa1e931 elementor-widget elementor-widget-heading\" data-id=\"aa1e931\" data-element_type=\"widget\" data-widget_type=\"heading.default\">\n\t\t\t\t<div class=\"elementor-widget-container\">\n\t\t\t<h2 class=\"elementor-heading-title elementor-size-default\">Casque 3D<\/h2>\t\t<\/div>\n\t\t\t\t<\/div>\n\t\t\t\t<div class=\"elementor-element elementor-element-0cd6ee8 elementor-widget__width-initial elementor-widget elementor-widget-text-editor\" data-id=\"0cd6ee8\" data-element_type=\"widget\" data-widget_type=\"text-editor.default\">\n\t\t\t\t<div class=\"elementor-widget-container\">\n\t\t\t\t\t\t\t<p>&#8220;White Tiger Power Ranger&#8221; (https:\/\/skfb.ly\/6UGzN) by mohjustic is licensed under Creative Commons Attribution<\/p><p><a href=\"http:\/\/creativecommons.org\/licenses\/by\/4.0\/\" target=\"_blank\" rel=\"noopener\">Creative Commons Liscenses<\/a><\/p>\t\t\t\t\t\t<\/div>\n\t\t\t\t<\/div>\n\t\t\t\t\t<\/div>\n\t\t<\/div>\n\t\t\t\t\t<\/div>\n\t\t<\/section>\n\t\t\t\t<section class=\"elementor-section elementor-top-section elementor-element elementor-element-b888df1 elementor-section-boxed elementor-section-height-default elementor-section-height-default\" data-id=\"b888df1\" data-element_type=\"section\">\n\t\t\t\t\t\t<div class=\"elementor-container elementor-column-gap-default\">\n\t\t\t\t\t<div class=\"elementor-column elementor-col-100 elementor-top-column elementor-element elementor-element-1216295\" data-id=\"1216295\" data-element_type=\"column\">\n\t\t\t<div class=\"elementor-widget-wrap elementor-element-populated\">\n\t\t\t\t\t\t<div class=\"elementor-element elementor-element-9db77c6 elementor-widget elementor-widget-heading\" data-id=\"9db77c6\" data-element_type=\"widget\" data-widget_type=\"heading.default\">\n\t\t\t\t<div class=\"elementor-widget-container\">\n\t\t\t<h2 class=\"elementor-heading-title elementor-size-default\">Applications utilis\u00e9es<\/h2>\t\t<\/div>\n\t\t\t\t<\/div>\n\t\t\t\t<div class=\"elementor-element elementor-element-c548709 elementor-widget elementor-widget-heading\" data-id=\"c548709\" data-element_type=\"widget\" data-widget_type=\"heading.default\">\n\t\t\t\t<div class=\"elementor-widget-container\">\n\t\t\t<h2 class=\"elementor-heading-title elementor-size-default\">Spline<\/h2>\t\t<\/div>\n\t\t\t\t<\/div>\n\t\t\t\t<div class=\"elementor-element elementor-element-b415cbe elementor-widget elementor-widget-heading\" data-id=\"b415cbe\" data-element_type=\"widget\" data-widget_type=\"heading.default\">\n\t\t\t\t<div class=\"elementor-widget-container\">\n\t\t\t<h2 class=\"elementor-heading-title elementor-size-default\">Kiri Engine<\/h2>\t\t<\/div>\n\t\t\t\t<\/div>\n\t\t\t\t<div class=\"elementor-element elementor-element-7f4e419 elementor-widget elementor-widget-heading\" data-id=\"7f4e419\" data-element_type=\"widget\" data-widget_type=\"heading.default\">\n\t\t\t\t<div class=\"elementor-widget-container\">\n\t\t\t<h2 class=\"elementor-heading-title elementor-size-default\">Vectary<\/h2>\t\t<\/div>\n\t\t\t\t<\/div>\n\t\t\t\t\t<\/div>\n\t\t<\/div>\n\t\t\t\t\t<\/div>\n\t\t<\/section>\n\t\t\t\t<section class=\"elementor-section elementor-top-section elementor-element elementor-element-9be0790 elementor-section-boxed elementor-section-height-default elementor-section-height-default\" data-id=\"9be0790\" data-element_type=\"section\">\n\t\t\t\t\t\t<div class=\"elementor-container elementor-column-gap-default\">\n\t\t\t\t\t<div class=\"elementor-column elementor-col-100 elementor-top-column elementor-element elementor-element-2b08a82\" data-id=\"2b08a82\" data-element_type=\"column\">\n\t\t\t<div class=\"elementor-widget-wrap elementor-element-populated\">\n\t\t\t\t\t\t<div class=\"elementor-element elementor-element-de26ecd elementor-widget elementor-widget-heading\" data-id=\"de26ecd\" data-element_type=\"widget\" data-widget_type=\"heading.default\">\n\t\t\t\t<div class=\"elementor-widget-container\">\n\t\t\t<h2 class=\"elementor-heading-title elementor-size-default\">Typos<\/h2>\t\t<\/div>\n\t\t\t\t<\/div>\n\t\t\t\t<div class=\"elementor-element elementor-element-a67a10a elementor-widget elementor-widget-heading\" data-id=\"a67a10a\" data-element_type=\"widget\" data-widget_type=\"heading.default\">\n\t\t\t\t<div class=\"elementor-widget-container\">\n\t\t\t<h2 class=\"elementor-heading-title elementor-size-default\">Teko<\/h2>\t\t<\/div>\n\t\t\t\t<\/div>\n\t\t\t\t<div class=\"elementor-element elementor-element-693ed62 elementor-widget elementor-widget-text-editor\" data-id=\"693ed62\" data-element_type=\"widget\" data-widget_type=\"text-editor.default\">\n\t\t\t\t<div class=\"elementor-widget-container\">\n\t\t\t\t\t\t\t<p>Designed by\u00a0<span class=\"ng-star-inserted\"><a href=\"https:\/\/fonts.google.com\/?query=Indian%20Type%20Foundry\" target=\"_blank\" rel=\"noopener\">Indian Type Foundry<\/a><\/span><\/p>\t\t\t\t\t\t<\/div>\n\t\t\t\t<\/div>\n\t\t\t\t<div class=\"elementor-element elementor-element-b014c20 elementor-widget elementor-widget-heading\" data-id=\"b014c20\" data-element_type=\"widget\" data-widget_type=\"heading.default\">\n\t\t\t\t<div class=\"elementor-widget-container\">\n\t\t\t<h2 class=\"elementor-heading-title elementor-size-default\">Electrolize<\/h2>\t\t<\/div>\n\t\t\t\t<\/div>\n\t\t\t\t<div class=\"elementor-element elementor-element-b3ce2ec elementor-widget elementor-widget-text-editor\" data-id=\"b3ce2ec\" data-element_type=\"widget\" data-widget_type=\"text-editor.default\">\n\t\t\t\t<div class=\"elementor-widget-container\">\n\t\t\t\t\t\t\t<p>Designed by\u00a0<span class=\"ng-star-inserted\"><a href=\"https:\/\/fonts.google.com\/?query=Gaslight\" target=\"_blank\" rel=\"noopener\">Gaslight<\/a><\/span><\/p>\t\t\t\t\t\t<\/div>\n\t\t\t\t<\/div>\n\t\t\t\t\t<\/div>\n\t\t<\/div>\n\t\t\t\t\t<\/div>\n\t\t<\/section>\n\t\t\t\t<section class=\"elementor-section elementor-top-section elementor-element elementor-element-0b0e6f7 elementor-section-boxed elementor-section-height-default elementor-section-height-default\" data-id=\"0b0e6f7\" data-element_type=\"section\">\n\t\t\t\t\t\t<div class=\"elementor-container elementor-column-gap-default\">\n\t\t\t\t\t<div class=\"elementor-column elementor-col-100 elementor-top-column elementor-element elementor-element-fe034b0\" data-id=\"fe034b0\" data-element_type=\"column\">\n\t\t\t<div class=\"elementor-widget-wrap elementor-element-populated\">\n\t\t\t\t\t\t<div class=\"elementor-element elementor-element-5827935 elementor-widget elementor-widget-heading\" data-id=\"5827935\" data-element_type=\"widget\" data-widget_type=\"heading.default\">\n\t\t\t\t<div class=\"elementor-widget-container\">\n\t\t\t<h2 class=\"elementor-heading-title elementor-size-default\">Images<\/h2>\t\t<\/div>\n\t\t\t\t<\/div>\n\t\t\t\t<div class=\"elementor-element elementor-element-92d4353 elementor-widget elementor-widget-heading\" data-id=\"92d4353\" data-element_type=\"widget\" data-widget_type=\"heading.default\">\n\t\t\t\t<div class=\"elementor-widget-container\">\n\t\t\t<h2 class=\"elementor-heading-title elementor-size-default\">Power Rangers and Super Sentai<\/h2>\t\t<\/div>\n\t\t\t\t<\/div>\n\t\t\t\t<div class=\"elementor-element elementor-element-ab831cb elementor-widget elementor-widget-text-editor\" data-id=\"ab831cb\" data-element_type=\"widget\" data-widget_type=\"text-editor.default\">\n\t\t\t\t<div class=\"elementor-widget-container\">\n\t\t\t\t\t\t\t<p>The copyright of these images belongs to <b> <\/b>and <strong>Hasbro<\/strong> <b>Bandai Co Ltd<\/b>\u00a0It is used under the <b><a title=\"wikipedia:Fair use\" href=\"https:\/\/en.wikipedia.org\/wiki\/Fair_use\" target=\"_blank\" rel=\"noopener\">Fair use USA<\/a><\/b> laws and <strong><a href=\"https:\/\/digitalcommons.wcl.american.edu\/cgi\/viewcontent.cgi?article=1065&amp;context=research#:~:text=11%2D2020-,%22Fair%20Use%22%20through%20Fundamental%20Rights%20in%20Europe%3A%20When%20Freedom,up%20Statutory%20Copyright%20Limitations\" target=\"_blank\" rel=\"noopener\">Fair Use EU<\/a><\/strong><\/p><p>The copyright of these images belongs to <b>Toei Corporation<\/b>. It is used under the <b><a title=\"wikipedia:Fair use\" href=\"https:\/\/en.wikipedia.org\/wiki\/Fair_use\" target=\"_blank\" rel=\"noopener\">Fair use<\/a><\/b> laws <strong><a href=\"https:\/\/digitalcommons.wcl.american.edu\/cgi\/viewcontent.cgi?article=1065&amp;context=research#:~:text=11%2D2020-,%22Fair%20Use%22%20through%20Fundamental%20Rights%20in%20Europe%3A%20When%20Freedom,up%20Statutory%20Copyright%20Limitations\" target=\"_blank\" rel=\"noopener\">Fair use EU<\/a><\/strong><\/p>\t\t\t\t\t\t<\/div>\n\t\t\t\t<\/div>\n\t\t\t\t<div class=\"elementor-element elementor-element-ac5d281 elementor-widget elementor-widget-heading\" data-id=\"ac5d281\" data-element_type=\"widget\" data-widget_type=\"heading.default\">\n\t\t\t\t<div class=\"elementor-widget-container\">\n\t\t\t<h2 class=\"elementor-heading-title elementor-size-default\">Freepik<\/h2>\t\t<\/div>\n\t\t\t\t<\/div>\n\t\t\t\t<div class=\"elementor-element elementor-element-1ea68c1 elementor-widget elementor-widget-heading\" data-id=\"1ea68c1\" data-element_type=\"widget\" data-widget_type=\"heading.default\">\n\t\t\t\t<div class=\"elementor-widget-container\">\n\t\t\t<h2 class=\"elementor-heading-title elementor-size-default\">Envato Elements<\/h2>\t\t<\/div>\n\t\t\t\t<\/div>\n\t\t\t\t<div class=\"elementor-element elementor-element-c3baa21 elementor-widget elementor-widget-heading\" data-id=\"c3baa21\" data-element_type=\"widget\" data-widget_type=\"heading.default\">\n\t\t\t\t<div class=\"elementor-widget-container\">\n\t\t\t<h2 class=\"elementor-heading-title elementor-size-default\">Autres<\/h2>\t\t<\/div>\n\t\t\t\t<\/div>\n\t\t\t\t<div class=\"elementor-element elementor-element-57133b1 elementor-widget elementor-widget-text-editor\" data-id=\"57133b1\" data-element_type=\"widget\" data-widget_type=\"text-editor.default\">\n\t\t\t\t<div class=\"elementor-widget-container\">\n\t\t\t\t\t\t\t<p>Super Sentai 45th Anniversary Wallpaper by egallardo26 \u00a9Deviantart<\/p><p>Hasbro Power Rangers 30th anniversary by LegendofPowerRangers \u00a9Deviantart<\/p>\t\t\t\t\t\t<\/div>\n\t\t\t\t<\/div>\n\t\t\t\t\t<\/div>\n\t\t<\/div>\n\t\t\t\t\t<\/div>\n\t\t<\/section>\n\t\t\t\t<section class=\"elementor-section elementor-top-section elementor-element elementor-element-140db3b elementor-section-boxed elementor-section-height-default elementor-section-height-default\" data-id=\"140db3b\" data-element_type=\"section\">\n\t\t\t\t\t\t<div class=\"elementor-container elementor-column-gap-default\">\n\t\t\t\t\t<div class=\"elementor-column elementor-col-100 elementor-top-column elementor-element elementor-element-1f463c7\" data-id=\"1f463c7\" data-element_type=\"column\">\n\t\t\t<div class=\"elementor-widget-wrap elementor-element-populated\">\n\t\t\t\t\t\t<div class=\"elementor-element elementor-element-781e44e elementor-widget elementor-widget-heading\" data-id=\"781e44e\" data-element_type=\"widget\" data-widget_type=\"heading.default\">\n\t\t\t\t<div class=\"elementor-widget-container\">\n\t\t\t<h2 class=\"elementor-heading-title elementor-size-default\">Informations suppl\u00e9mentaires<\/h2>\t\t<\/div>\n\t\t\t\t<\/div>\n\t\t\t\t<div class=\"elementor-element elementor-element-ad451e8 elementor-widget elementor-widget-heading\" data-id=\"ad451e8\" data-element_type=\"widget\" data-widget_type=\"heading.default\">\n\t\t\t\t<div class=\"elementor-widget-container\">\n\t\t\t<h2 class=\"elementor-heading-title elementor-size-default\">Manufacture en Tha\u00eflande<\/h2>\t\t<\/div>\n\t\t\t\t<\/div>\n\t\t\t\t<div class=\"elementor-element elementor-element-f2fabc0 elementor-widget elementor-widget-text-editor\" data-id=\"f2fabc0\" data-element_type=\"widget\" data-widget_type=\"text-editor.default\">\n\t\t\t\t<div class=\"elementor-widget-container\">\n\t\t\t\t\t\t\t<p><a href=\"https:\/\/wikimapia.org\/13461706\/Bandai-Industrial\" target=\"_blank\" rel=\"noopener\">Bandai Industrial<\/a><\/p><p><a href=\"https:\/\/panjiva.com\/Bandai-Industries-Co-Ltd\/1023654\" target=\"_blank\" rel=\"noopener\">Bandai Industries Co., Ltd.<\/a><\/p>\t\t\t\t\t\t<\/div>\n\t\t\t\t<\/div>\n\t\t\t\t<div class=\"elementor-element elementor-element-92dfe77 elementor-widget elementor-widget-heading\" data-id=\"92dfe77\" data-element_type=\"widget\" data-widget_type=\"heading.default\">\n\t\t\t\t<div class=\"elementor-widget-container\">\n\t\t\t<h2 class=\"elementor-heading-title elementor-size-default\">Informations sur les jouets<\/h2>\t\t<\/div>\n\t\t\t\t<\/div>\n\t\t\t\t<div class=\"elementor-element elementor-element-f33865f elementor-widget elementor-widget-text-editor\" data-id=\"f33865f\" data-element_type=\"widget\" data-widget_type=\"text-editor.default\">\n\t\t\t\t<div class=\"elementor-widget-container\">\n\t\t\t\t\t\t\t<p><a href=\"https:\/\/powerrangers.fandom.com\/wiki\/RangerWiki\" target=\"_blank\" rel=\"noopener\">Power Ranger Wiki<\/a><\/p><p><a href=\"https:\/\/www.collectiondx.com\/toy_line\/power_rangers\" target=\"_blank\" rel=\"noopener\">Collectiondx Power Ranger<\/a><\/p>\t\t\t\t\t\t<\/div>\n\t\t\t\t<\/div>\n\t\t\t\t<div class=\"elementor-element elementor-element-80a769c elementor-widget elementor-widget-heading\" data-id=\"80a769c\" data-element_type=\"widget\" data-widget_type=\"heading.default\">\n\t\t\t\t<div class=\"elementor-widget-container\">\n\t\t\t<h2 class=\"elementor-heading-title elementor-size-default\">Icones<\/h2>\t\t<\/div>\n\t\t\t\t<\/div>\n\t\t\t\t<div class=\"elementor-element elementor-element-5ac33fb elementor-widget elementor-widget-text-editor\" data-id=\"5ac33fb\" data-element_type=\"widget\" data-widget_type=\"text-editor.default\">\n\t\t\t\t<div class=\"elementor-widget-container\">\n\t\t\t\t\t\t\t<p>Icon \u00a9ionicons<\/p><p>Envato Elements \u00a9envatoelements<\/p>\t\t\t\t\t\t<\/div>\n\t\t\t\t<\/div>\n\t\t\t\t\t<\/div>\n\t\t<\/div>\n\t\t\t\t\t<\/div>\n\t\t<\/section>\n\t\t\t\t<section class=\"elementor-section elementor-top-section elementor-element elementor-element-8f7b0f0 elementor-section-boxed elementor-section-height-default elementor-section-height-default\" data-id=\"8f7b0f0\" data-element_type=\"section\">\n\t\t\t\t\t\t<div class=\"elementor-container elementor-column-gap-default\">\n\t\t\t\t\t<div class=\"elementor-column elementor-col-100 elementor-top-column elementor-element elementor-element-9750fd7\" data-id=\"9750fd7\" data-element_type=\"column\">\n\t\t\t<div class=\"elementor-widget-wrap elementor-element-populated\">\n\t\t\t\t\t\t<div class=\"elementor-element elementor-element-12fd9a1 elementor-widget elementor-widget-heading\" data-id=\"12fd9a1\" data-element_type=\"widget\" data-widget_type=\"heading.default\">\n\t\t\t\t<div class=\"elementor-widget-container\">\n\t\t\t<h2 class=\"elementor-heading-title elementor-size-default\">Remerc\u00eement<\/h2>\t\t<\/div>\n\t\t\t\t<\/div>\n\t\t\t\t<div class=\"elementor-element elementor-element-b629906 elementor-widget elementor-widget-heading\" data-id=\"b629906\" data-element_type=\"widget\" data-widget_type=\"heading.default\">\n\t\t\t\t<div class=\"elementor-widget-container\">\n\t\t\t<h2 class=\"elementor-heading-title elementor-size-default\">Ma famille<\/h2>\t\t<\/div>\n\t\t\t\t<\/div>\n\t\t\t\t<div class=\"elementor-element elementor-element-88447bc elementor-widget elementor-widget-heading\" data-id=\"88447bc\" data-element_type=\"widget\" data-widget_type=\"heading.default\">\n\t\t\t\t<div class=\"elementor-widget-container\">\n\t\t\t<h2 class=\"elementor-heading-title elementor-size-default\">Mes amis<\/h2>\t\t<\/div>\n\t\t\t\t<\/div>\n\t\t\t\t<div class=\"elementor-element elementor-element-deff311 elementor-widget elementor-widget-heading\" data-id=\"deff311\" data-element_type=\"widget\" data-widget_type=\"heading.default\">\n\t\t\t\t<div class=\"elementor-widget-container\">\n\t\t\t<h2 class=\"elementor-heading-title elementor-size-default\">Ma classe de 2023-2024: B3G1<\/h2>\t\t<\/div>\n\t\t\t\t<\/div>\n\t\t\t\t<div class=\"elementor-element elementor-element-19e85ca elementor-widget elementor-widget-heading\" data-id=\"19e85ca\" data-element_type=\"widget\" data-widget_type=\"heading.default\">\n\t\t\t\t<div class=\"elementor-widget-container\">\n\t\t\t<h2 class=\"elementor-heading-title elementor-size-default\">Monsieur Philippe Thronte<\/h2>\t\t<\/div>\n\t\t\t\t<\/div>\n\t\t\t\t<div class=\"elementor-element elementor-element-45ce391 elementor-widget elementor-widget-heading\" data-id=\"45ce391\" data-element_type=\"widget\" data-widget_type=\"heading.default\">\n\t\t\t\t<div class=\"elementor-widget-container\">\n\t\t\t<h2 class=\"elementor-heading-title elementor-size-default\">Monsieur Simon Marchal<\/h2>\t\t<\/div>\n\t\t\t\t<\/div>\n\t\t\t\t<div class=\"elementor-element elementor-element-5c828e2 elementor-widget elementor-widget-heading\" data-id=\"5c828e2\" data-element_type=\"widget\" data-widget_type=\"heading.default\">\n\t\t\t\t<div class=\"elementor-widget-container\">\n\t\t\t<h2 class=\"elementor-heading-title elementor-size-default\">Monsieur Fran\u00e7ois Bourgaux<\/h2>\t\t<\/div>\n\t\t\t\t<\/div>\n\t\t\t\t<div class=\"elementor-element elementor-element-edc74d3 elementor-widget elementor-widget-heading\" data-id=\"edc74d3\" data-element_type=\"widget\" data-widget_type=\"heading.default\">\n\t\t\t\t<div class=\"elementor-widget-container\">\n\t\t\t<h2 class=\"elementor-heading-title elementor-size-default\">Monsieur Alexandre Tournay<\/h2>\t\t<\/div>\n\t\t\t\t<\/div>\n\t\t\t\t<div class=\"elementor-element elementor-element-9a412ec elementor-widget elementor-widget-heading\" data-id=\"9a412ec\" data-element_type=\"widget\" data-widget_type=\"heading.default\">\n\t\t\t\t<div class=\"elementor-widget-container\">\n\t\t\t<h2 class=\"elementor-heading-title elementor-size-default\">Monsieur Fran\u00e7ois Therasse<\/h2>\t\t<\/div>\n\t\t\t\t<\/div>\n\t\t\t\t<div class=\"elementor-element elementor-element-5a6bea4 elementor-widget elementor-widget-heading\" data-id=\"5a6bea4\" data-element_type=\"widget\" data-widget_type=\"heading.default\">\n\t\t\t\t<div class=\"elementor-widget-container\">\n\t\t\t<h2 class=\"elementor-heading-title elementor-size-default\">Mes ma\u00eetres de stages de chez Indio Studio<\/h2>\t\t<\/div>\n\t\t\t\t<\/div>\n\t\t\t\t<div class=\"elementor-element elementor-element-f8ba556 elementor-widget elementor-widget-text-editor\" data-id=\"f8ba556\" data-element_type=\"widget\" data-widget_type=\"text-editor.default\">\n\t\t\t\t<div class=\"elementor-widget-container\">\n\t\t\t\t\t\t\t<p>Hamza Ennaday<\/p><p>Sami Khalifa<\/p>\t\t\t\t\t\t<\/div>\n\t\t\t\t<\/div>\n\t\t\t\t\t<\/div>\n\t\t<\/div>\n\t\t\t\t\t<\/div>\n\t\t<\/section>\n\t\t\t\t<\/div>\n\t\t","protected":false},"excerpt":{"rendered":"<p>Cr\u00e9dits Droits d&#8217;auteur Power Rangers Les Power Rangers et tous les \u00e9l\u00e9ments associ\u00e9s sont des marques d\u00e9pos\u00e9es de Hasbro, Inc. Tous droits r\u00e9serv\u00e9s. Ce site\/webpage n&#8217;est ni parrain\u00e9 ni approuv\u00e9 par Hasbro, Inc., mais est plut\u00f4t cr\u00e9\u00e9 par un fan dans le but de c\u00e9l\u00e9brer et de promouvoir l&#8217;univers des Power Rangers. Les images, les [&hellip;]<\/p>\n","protected":false},"author":1,"featured_media":0,"parent":0,"menu_order":0,"comment_status":"closed","ping_status":"closed","template":"","meta":{"footnotes":""},"class_list":["post-3171","page","type-page","status-publish","hentry"],"aioseo_notices":[],"_links":{"self":[{"href":"https:\/\/galen-brotherton.be\/projets\/tfe\/wp-json\/wp\/v2\/pages\/3171","targetHints":{"allow":["GET"]}}],"collection":[{"href":"https:\/\/galen-brotherton.be\/projets\/tfe\/wp-json\/wp\/v2\/pages"}],"about":[{"href":"https:\/\/galen-brotherton.be\/projets\/tfe\/wp-json\/wp\/v2\/types\/page"}],"author":[{"embeddable":true,"href":"https:\/\/galen-brotherton.be\/projets\/tfe\/wp-json\/wp\/v2\/users\/1"}],"replies":[{"embeddable":true,"href":"https:\/\/galen-brotherton.be\/projets\/tfe\/wp-json\/wp\/v2\/comments?post=3171"}],"version-history":[{"count":130,"href":"https:\/\/galen-brotherton.be\/projets\/tfe\/wp-json\/wp\/v2\/pages\/3171\/revisions"}],"predecessor-version":[{"id":4647,"href":"https:\/\/galen-brotherton.be\/projets\/tfe\/wp-json\/wp\/v2\/pages\/3171\/revisions\/4647"}],"wp:attachment":[{"href":"https:\/\/galen-brotherton.be\/projets\/tfe\/wp-json\/wp\/v2\/media?parent=3171"}],"curies":[{"name":"wp","href":"https:\/\/api.w.org\/{rel}","templated":true}]}}